 the remainder when d is divided by (-130)/(-14) - 6/21?
8
Let c be 2 + 1 + -1 - -22. Suppose -3*y + c = y. Let q = 0 + y. What is the remainder when q is divided by 4?
2
Let p(r) = r**2 - 2*r - 4. Suppose -m = -0*m - 11. Calculate the remainder when p(6) is divided by m.
9
Let f be 3/3 + 4/(-1). What is the remainder when ((-245)/21)/(1/f) is divided by 9?
8
Let s(g) = -2 + 3 - 3 + 6*g. Suppose -9 = -0*b - 3*b. What is the remainder when 30 is divided by s(b)?
14
Let v(g) = 17*g + 1. Suppose -2*r - 1 = -11. Let z(q) = 6*q + 5. What is the remainder when z(r) is divided by v(1)?
17
Let o(p) = 13*p**2 + p - 2. Calculate the remainder when o(1) is divided by 7.
5
Let t(s) = s**3 + 6*s**2 - 3*s - 11. Let u be t(-6). Suppose u = -0*d + d. Calculate the remainder when d is divided by 5.
2
Let a be (-4)/14 - (-267)/(-21). Let d = a - -22. Let f = d + -5. What is the remainder when 6 is divided by f?
2
Suppose -11*r = -7*r - 120. Calculate the remainder when 57 is divided by r.
27
Suppose 8 = -2*b - 2*a + 112, -5*b + 242 = -a. What is the remainder when b is divided by 13?
10
Let x(h) = h**3 - 3*h + 2. What is the remainder when 54 is divided by x(3)?
14
Suppose 0 = -5*v + 3*i + 31, 2*v - 10 = -2*i + 12. Let x = 10 - v. Suppose -z + x*h = -h - 40, 245 = 4*z + 5*h. Calculate the remainder when z is divided by 19.
17
Let u be (204/(-9))/(6/63). Let q be u/12 - 3/18. Let c = -12 - q. Calculate the remainder when 21 is divided by c.
5
What is the remainder when 3*(-10)/(-105) - 1069/(-7) is divided by 14?
13
Let i(g) = g + 2. Let u be i(-4). Let j = u + 92. Suppose 4*p - j + 14 = 0. Calculate the remainder when p is divided by 7.
5
Suppose -5 = -x - 0*x. Suppose -x*r + r = 20. Calculate the remainder when 42 is divided by 0 + (-3 - r - -20).
20
Suppose o = -2*j + 19, 3*j - 6 = -0*j. Let s(r) = 44*r**2 - r + 1. Calculate the remainder when s(1) is divided by o.
14
Let f(u) = u**2 - 23*u + 11. Calculate the remainder when 42 is divided by f(23).
9
Let a(h) = -7*h + 2. What is the remainder when a(-4) is divided by 16?
14
Let u(c) = c**2 + 9*c - 5. Let f be u(-7). Let o = f - -36. What is the remainder when 32 is divided by o?
15
Suppose 0 = 2*a + 24 - 28. What is the remainder when 6 is divided by a?
0
Suppose 3 = 2*m - m. Suppose 0 = 5*d + j - 93, -m*d + 4*j = -2*d - 27. Suppose 6*a - 21 = 3*a. Calculate the remainder when d is divided by a.
5
Let p(i) be the second derivative of -i**3/2 - 5*i**2/2 - 2*i. What is the remainder when 13 is divided by p(-4)?
6
Let h(n) = n - 5. Let o be h(11). Calculate the remainder when 48 is divided by 2/o*-1*-51.
14
Suppose -4*w = -4 - 4. Let c(r) = -r - 4. What is the remainder when c(-6) is divided by w?
0
Let i(z) = z**2 + 3*z - 6. Let w(v) = -15*v. Let q be w(2). What is the remainder when i(4) is divided by q*(0 + 6/(-15))?
10
Let v = -35 - -65. Calculate the remainder when 89 is divided by v.
29
Suppose 5*d - 65 = 60. Suppose -20*v - 105 = -d*v. Calculate the remainder when 38 is divided by v.
17
Suppose 10*n - 126 = 114. Calculate the remainder when 69 is divided by n.
21
Let l(d) = -d**2 + 4*d + 1. Let y be l(3). Calculate the remainder when (168/(-12))/(y/(-6)) is divided by 1/2*0 + 12.
9
Let l(k) = -4*k**2 + 2*k - 1. Let m be l(2). What is the remainder when (3 + -1)*m/(-2) is divided by 5?
3
Suppose g = 3 - 5. Let f(h) = 2*h**2 + 1. Calculate the remainder when f(g) is divided by 6.
3
Suppose 0*n = 2*n + 4*j - 2, -5*n + 19 = -4*j. What is the remainder when n is divided by (0/(-2))/2 + 1?
0
Let y be 0*((4 - 1) + -2). Suppose 0 = -2*i - 2*i - 2*m + 18, 5*m - 25 = y. What is the remainder when 5 is divided by i?
1
Suppose 0*g = 4*f - 3*g - 195, -185 = -4*f + g. Calculate the remainder when f is divided by 17.
11
Let z(i) = -3*i + 2. Let o be z(-5). Let q(p) = p**3 - 18*p**2 + 18*p + 9. What is the remainder when 75 is divided by q(o)?
23
Let p = 4 - 1. What is the remainder when 17 is divided by p?
2
Let i = 204 - 110. Let y = i - 41. What is the remainder when y is divided by 18?
17
Let m = 20 - 11. Suppose -4*g + 544 = -2*b, g + 3*g - 544 = b. Suppose 6*n = 2*n + g. Calculate the remainder when n is divided by m.
7
Let c(p) = -4*p + p**2 - p**2 + p**2 - 1. Suppose 5*n + 2*h = 111, 4 = n + 2*h - 23. Calculate the remainder when n is divided by c(6).
10
Suppose -9 - 23 = -2*k. Calculate the remainder when -1*(-2 + -13)*3 is divided by k.
13
Suppose -2*p + 16 = -8. What is the remainder when 12 is divided by (15/p)/(2/8)?
2
Let v be (-54 - 15)*2/(-6). Let j = v + -9. Suppose 5*p = p + 220. What is the remainder when p is divided by j?
13
Suppose 0 = 4*w - 5 - 35. Calculate the remainder when 25 is divided by w.
5
Suppose 0 = 3*p - 12 - 3. What is the remainder when p is divided by 2?
1
Let l(p) = 15*p - 25. What is the remainder when 177 is divided by l(3)?
17
Let o be 6 - 4 - (0 - 0). Suppose 2*q + 13 = -3*a, -q - 19 = 4*a + o*q. Calculate the remainder when 82/(-1 - (a + -2)) is divided by 14.
13
Let b = 14 - 12. Calculate the remainder when 8 is divided by b.
0
Let m = 45 - 24. Calculate the remainder when 80 is divided by m.
17
Suppose -5*u - 2*v + 100 = 0, 0 = u - 4*v - 3 + 5. Let j = u + -1. Calculate the remainder when j is divided by 5.
2
Let s(q) = -14*q + 10. Calculate the remainder when s(-4) is divided by 18.
12
Let b be (-20)/(-8)*6/5. Let o(k) = 2*k - 4. Let c be o(b). What is the remainder when 15 is divided by 344/44 + c/11?
7
Let y(v) = 9*v - 3. Let d be y(-8). Let z(q) = 13*q**2 + 2. Let o be z(3). Let k = d + o. What is the remainder when k is divided by 15?
14
Let h(v) = v - 15. Let z be h(10). Let y = -2 - z. What is the remainder when y is divided by 3?
0
Suppose -3*y - 12 = 0, 9*y + 12 = -f + 4*y. Suppose 110 = 5*v - 0*v - 5*q, -q - 44 = -2*v. What is the remainder when v is divided by f?
6
Suppose -4 = h + 2*t - 4*t, -5*h + 4 = -4*t. Suppose -d + 13 = 3*l, 0 = d - 3*l - 0 - 7. What is the remainder when (-27)/(3 - 0 - h) is divided by d?
7
Suppose 3*h = 2*r - 11, 4*r - h - 2*h - 19 = 0. Suppose 2*w - 3*w = -r*n - 22, -3*n = -3*w + 48. Calculate the remainder when 27 is divided by w.
13
Let a be ((-3)/(-5))/((-3)/(-75)). Suppose 5*n = -y + 2*y + 20, -5*n + a = -2*y. What is the remainder when 7 is divided by n?
2
Let s(f) = -7*f**3 - 5*f**2 + 11*f - 1. Let d(m) = 4*m**3 + 3*m**2 - 6*m. Let p(c) = -5*d(c) - 3*s(c). Calculate the remainder when 9 is divided by p(2).
4
Suppose x + 10 = -x. Let g = 3 - x. Calculate the remainder when 21 is divided by g.
5
Suppose 3*j = -2*f + 34, -3*f + j + 32 = -4*j. Calculate the remainder when 39 is divided by f.
11
Let t(c) = c. Let h(k) = -24*k - 5. Let j(q) = h(q) + 6*t(q). What is the remainder when j(-4) is divided by 17?
16
Let g = -14 + 8. Calculate the remainder when 2 is divided by 4/g - (-5)/3.
0
Let f = 90 + -17. What is the remainder when f is divided by 339/9 - 1/(-3)?
35
Let j(r) = 2*r**2 - 4*r - 8. Calculate the remainder when 219 is divided by j(5).
21
Let r = -14 - -4. Let d = r + 17. Calculate the remainder when 13 is divided by d.
6
Let q = -11 + 14. Suppose 3*z = t - 14, -q*z = -3*t + 32 + 4. Calculate the remainder when t is divided by 6.
5
Let r(l) = l**2 - 14*l + 25. Calculate the remainder when r(21) is divided by 29.
27
Let s be 16 + (0/2)/2. Suppose 4*i - s - 32 = 0. Calculate the remainder when i is divided by 7.
5
Suppose -5*d + 8 = -3*d. Calculate the remainder when d is divided by 2.
0
Calculate the remainder when 3/(0 + 4/36) is divided by 14.
13
Let g(o) = o**2 - 3*o - 2. Let y(k) = 2*k - 15. Let j be y(0). Let v(i) = -i - 9. Calculate the remainder when g(-3) is divided by v(j).
4
Suppose 3*p = -y + 17, p + 2*p - 13 = y. Calculate the remainder when 8 is divided by p.
3
Suppose 0 = 9*c - 302 - 193. What is the remainder when 217 is divided by c?
52
Suppose -b + 3*b = -232. Calculate the remainder when 4 + b*2/(-4) is divided by 16.
14
Let l = 29 + -17. Let u = -8 + 10. What is the remainder when (1 - u) + 108/3 is divided by l?
11
Let z(q) = q**3 - 3*q**2 - 4*q + 2. Let l be z(4). Suppose 0 = -4*o - 2*t + 14, 3*o - l*o = -5*t + 26. Calculate the remainder when 2 is divided by o.
0
Suppose k - 2*j = 7, -29 - 43 = -4*k - 3*j. Let t(f) = -f**2 + 14*f + 4. What is the remainder when t(12) is divided by k?
13
Let g be (0 - 3)